ors of o(1)?
3, 5
Let u(l) = -81 + 81 + 23*l**2 - 7*l**2. Suppose 2*k - 14 = 4*d, 0*d - 3*d - 12 = 0. List the prime factors of u(k).
2
Suppose -3*s + 3*o + 9 = s, -2*s + o + 5 = 0. Suppose 3*z + s*w = 715 - 115, 196 = z - 3*w. What are the prime factors of z?
199
Let x be 1*(1 - 0/(-4)). List the prime factors of 0 - x - (9 - 21).
11
Let f = 322 + -264. What are the prime factors of f?
2, 29
Let u(s) = -s**3 - 15*s**2 + 2. Let o be u(-15). Suppose -o*p - 3*p = 50. Let c(k) = -k - 7. List the prime factors of c(p).
3
Let t be ((-2)/(-2))/((-1)/(-1)). Suppose 14 = w + 2*j, -w + 0*j + j - t = 0. Suppose x = -w*x + 65. What are the prime factors of x?
13
Suppose 4*d = 5*y + 16, d + y + 3*y = 4. Suppose 0 = -d*b - 2*f + 18, 4*b + 5*f - 19 = 7*b. List the prime factors of -2 + (b - (-35 - -3)).
2
Let p = -39 + 74. What are the prime factors of 10/p + (-894)/(-7)?
2
Let l(z) = -4*z**2 + 17 - 15*z + 3*z**2 + z. Let v be l(-13). Let m = -1 + v. List the prime factors of m.
29
Let k(a) = 3*a**2 - 9*a + 3. Let d be k(5). Suppose 30*m - d*m = -309. List the prime factors of m.
103
Let k(y) = -y**3 + 13*y**2 + 13*y + 14. Let p be k(14). Suppose d - 8 - 42 = p. List the prime factors of d.
2, 5
Suppose -37 = -c - 2*a + 1, -4*c = 3*a - 147. Let u = -31 + c. Suppose 130 = 5*o - m - 125, -u*o + 265 = -3*m. List the prime factors of o.
2, 5
Let s = -1145 + 1228. What are the prime factors of s?
83
Suppose 168*o - 140*o = 118272. List the prime factors of o.
2, 3, 11
Let k = 137 - 86. Let o = 174 + -39. Suppose 2*h - o + k = 0. What are the prime factors of h?
2, 3, 7
Suppose 0 = -6*c + 3 - 21. Let z be (-9)/(-3)*1 - c. Suppose 3*a = -z*a + 558. What are the prime factors of a?
2, 31
List the prime factors of (-231024)/(-128) - 1/(-8).
5, 19
Let h = 4 + -1. Let j be (h + -18)/((-12)/8). Suppose a = -3 + j. What are the prime factors of a?
7
Let j(c) = 6 - 6*c + 0*c + c. Let d be j(-3). Let w = d + -17. List the prime factors of w.
2
Suppose g = 3*i + 608, 0 = -3*g + 8*i - 5*i + 1842. List the prime factors of g.
617
Let v be -2 - -136*(-2 + 3). Suppose 12 = -l + 5*s, 4*l = 2*s - v + 50. Let a = l - -37. List the prime factors of a.
3, 5
Suppose -5*r = 3*c, -3*r + 0*c + 4 = c. Suppose -5 = r*s - 2. Let z = s + 8. List the prime factors of z.
7
Let d(v) be the second derivative of -v**4/12 - v**3 + v**2/2 + 4*v. What are the prime factors of d(-3)?
2, 5
Suppose -4*q - 761 = -5*p, -2*p = -2*q - 13 - 369. Let s = q + 341. What are the prime factors of s?
3, 7
Suppose 0 = -7*i - 5*i + 1812. List the prime factors of i.
151
Let r = 131 - -157. What are the prime factors of r?
2, 3
Suppose 4*b - 2712 = -2*a + 6640, -5*a - 11675 = -5*b. List the prime factors of b.
3, 19, 41
Suppose -4*q + 19 = o, o - 1 = -4*q + 3*q. Let d = q - 10. Let b = 10 - d. What are the prime factors of b?
2, 7
Let w = -3937 - -5924. List the prime factors of w.
1987
Let l = 15 + -5. Suppose l = -0*h - h. Let r = 8 - h. What are the prime factors of r?
2, 3
Let i(c) = c**2 - 26*c + 49. List the prime factors of i(-41).
2, 3, 233
Suppose 3065 = 5*r - 5*l, 3*l = 5*r + 4*l - 3071. List the prime factors of r.
2, 307
Suppose 2*j - 20 = -g + 6*g, -4*j = 2*g - 16. Suppose -j*f - 4*a + 282 = 0, -3 = 4*a + 5. What are the prime factors of f?
2, 29
Let u(j) = 4*j + 22. Let w(o) = 7*o + 44. Let m(v) = -11*u(v) + 6*w(v). Suppose -5*r = -3*r - 18. List the prime factors of m(r).
2
Suppose 0 = -9*g + 13*g - 52. Let y = g - -3. What are the prime factors of y?
2
Suppose -2*t + 20 - 4 = 0. What are the prime factors of t/12 - (-206)/6?
5, 7
Let m = -87 - -199. What are the prime factors of m?
2, 7
Let k(f) = -2*f**3 - 3*f**2 + f - 5. Let p be k(-3). Suppose -20*b + 64 = -p*b. What are the prime factors of b?
2
Suppose 0 = 9*n - 11 - 358. List the prime factors of (12 + -4)*n/2.
2, 41
Suppose 2*z + 8*z = 0. Let a(m) = 3*m**2 - 2*m + 1. Let o be a(1). Suppose -2*p = o, 0*g + 4*g - p - 61 = z. What are the prime factors of g?
3, 5
Let g(q) = 56*q - 7. Let d be g(-5). List the prime factors of (-8)/2 + (3 - (-1 + d)).
7, 41
Let f(r) = -r**3 + 9*r**2 - 11*r + 3. Let t = 11 - 15. Let h(g) = g + 10. Let s be h(t). What are the prime factors of f(s)?
3, 5
Let a be 2/(-1*(-3)/(-42)). Let v = a + 44. Let b = v + -3. List the prime factors of b.
13
Let h = -22 - -58. Let u = h + 251. List the prime factors of u.
7, 41
Let r = 19 - 21. Let f be (-2 + 2)/((-4)/r). Suppose f = -5*s + 145 + 35. What are the prime factors of s?
2, 3
Suppose 4 = -2*a - 5*d, -4*a - 3*d + 4 = -2. Suppose 0 = -a*h + 146 - 50. What are the prime factors of h?
2
What are the prime factors of 18626/30 + -1 - (-34)/255?
2, 5, 31
Suppose -15 = -5*g + 2*g. Suppose -35*h + g = -36*h. Let q(f) = f**3 + 7*f**2 + 5*f - 7. What are the prime factors of q(h)?
2, 3
Let c(v) = -v - 1. Let u be c(-3). Suppose 0 = y + 4*s, 0 = u*y + 2*y + s - 30. What are the prime factors of 85/3 + y/(-6)?
3
Let p = 9 + -8. Suppose -14 = -m + d, -3*d - p = 8. What are the prime factors of m?
11
Suppose 13*z - 5*x = 8*z + 5915, -3*z - 3*x = -3561. List the prime factors of z.
3, 5, 79
Let o(l) = 5*l**3 - 11*l**2 - 22*l - 2. What are the prime factors of o(7)?
2, 3, 5, 17
Let f be 4/(-3)*(-273)/14. Suppose -3*c - 5*o = -10 - 29, -f = -2*c + 4*o. List the prime factors of c.
13
Suppose 12*h + 4477 - 24289 = 0. What are the prime factors of h?
13, 127
Suppose q = -4*k - 0*q + 27, 5*q = 5*k - 15. Suppose k*b - 635 = b - 5*d, 4*d + 416 = 3*b. What are the prime factors of b?
2, 3, 11
Suppose -5*f - 3*v + 216 = 0, f + 2*v - 214 = -4*f. Suppose 4*w = -2*a + 84, 5*a - 4*a - f = w. What are the prime factors of a?
2, 3, 7
Let a(x) = x**3 - 6*x**2 - 6*x - 2. Let g be a(7). Suppose -g*l = -l - 456. Suppose -2*z + 4*f + 84 = 0, 4*z + f = l + 72. What are the prime factors of z?
2, 23
Let h(i) = i**3 - 8*i**2 + 2. Let b be h(8). Suppose q = b*q + 12. Let g = 19 + q. What are the prime factors of g?
7
Let h(f) = f**2 + 19*f - 4. Let a(m) = -m**3 + 23*m**2 - m + 2. Let r be a(23). List the prime factors of h(r).
2, 19
Let l = 8315 - 5519. What are the prime factors of l?
2, 3, 233
Let f(m) = 77*m + 63. Let x(o) = o. Let t(a) = -f(a) + 42*x(a). List the prime factors of t(-9).
2, 3, 7
Suppose -4*k + 2*k - 4 = 0. Let h(l) = -4*l**3 - 13*l + 11*l - 2 + 17*l**2 - 19*l**2. List the prime factors of h(k).
2, 13
Suppose -2*a = a - 18. Suppose a*v = 2*v + 20. Suppose -3*r - z + 50 = 0, 0*r - v = -r + 2*z. What are the prime factors of r?
3, 5
Let p(g) = -g + 2. Let r be p(-1). Suppose -45 = -m + 2*v - v, -r*m + 2*v + 132 = 0. What are the prime factors of (8/3)/(7/m)?
2
Suppose t - 7 = -3*x, 6*t - 17 = t + 3*x. What are the prime factors of -40*(54/t)/(-3)?
2, 3, 5
Suppose -5*d = 34 - 349. Suppose -d = -4*a + 3*a. What are the prime factors of a?
3, 7
Let l = 537 - 263. List the prime factors of l.
2, 137
Suppose 89*k + 888 = 91*k. What are the prime factors of k?
2, 3, 37
Let u = 884 - 341. List the prime factors of u.
3, 181
Let u(o) = -o + 9. Let k be u(4). Suppose k*t - 8*t = 0. Suppose t = 5*l - 25, -2*z - 34 = 4*l - 140. What are the prime factors of z?
43
Suppose -j + 4*x + 0 = -10, -5*x = -5*j + 5. Let d = j - -11. Suppose 3*u - 66 = d. List the prime factors of u.
5
Let d be 111 + (4 - 8) + 0. Let l = 154 - d. List the prime factors of l.
47
Let g(d) = d**3 - 4*d**2 + d - 3. Let x be g(3). Let z(h) = h**2 + 19*h + 36. Let l be z(-16). Let p = x - l. What are the prime factors of p?
3
Suppose 0 = -2*c - 3*o - 11, 5*c - 4*o + 0 = 30. Suppose -c*s = -s. Suppose -n + s*n + 16 = 0. What are the prime factors of n?
2
Suppose -c = -3*u + 277, 2*u - c = -0*c + 184. What are the prime factors of 6/9*u/2?
31
Let h(p) = 5*p**2 - 7*p - 27. List the prime factors of h(-7).
3, 89
Suppose 2*q + 2*b = -40, -3*q = 2*q + 2*b + 91. Let s = -12 - q. What are the prime factors of s?
5
Let q(a) = 73*a + 52. What are the prime factors of q(5)?
3, 139
Suppose -8*y + 42 = -62. Let t = 18 - y. List the prime factors of t.
5
Suppose -3*k = -5*p + 76, -3*p + 5*k - 2*k = -48. Suppose -u - p = -60. List the prime factors of u.
2, 23
Suppose 5*z = 3*n + 4303, 5*z - 2077 = -n + 2242. What are the prime factors of z?
863
Suppose 3*s - 5*k - 832 = 1112, 4*s = k + 2575. What are the prime factors of s?
643
Let v(o) = -2*